e z(l). Calculate u(f).
3
Let t(z) be the first derivative of 2*z**4 + z**3 + z**2/2 + z + 338. Calculate t(-2).
-53
Let g(j) = -j + 7. Let u be g(6). Let p(y) = 0*y**2 + 0 + 4 - y**2 + u + 3*y. Let o(q) = -2*q - 1. Let s be o(-3). Calculate p(s).
-5
Let d(o) = o**3 - 8*o**2 + 2*o + 4. Suppose 18*v - 272 = -16*v. Calculate d(v).
20
Let c be (-4)/(-10) + (-182)/(-70). Let f(q) = 42*q + 2*q**3 - 40*q - 4*q**c - 4 + 4*q**2. Give f(3).
-16
Let x(h) = -23*h - 1. Let m be (-12 + 10)*(0 - (-3)/(-6)). Give x(m).
-24
Let j(f) = -f**3 - 6*f**2 - 3*f. Let z(c) = c**2 + 34*c - 5. Let l be z(-34). Give j(l).
-10
Let k(v) = -5*v**3 - 5*v**2 - 3*v - 1 + 4*v**3 - 3. Let x = -27 + 24. Let s = -7 - x. Calculate k(s).
-8
Let m(p) = -8*p**2 - 8*p + 28. Let d(s) = -7*s**2 - 9*s + 27. Let t(u) = -7*d(u) + 6*m(u). Calculate t(-16).
-5
Let q(y) = -15*y + 1. Let s(n) = 12*n. Let r(x) = -5*q(x) - 6*s(x). Suppose -k - 5*t + 20 = 0, 9 = 5*k + t - 19. What is r(k)?
10
Let k(j) = -j**2 + 60*j + 857. Let p be k(72). Let g(s) = s**2 + 5*s - 2. Calculate g(p).
12
Let u(n) = n**2 + 0*n**2 + 7 - 9*n + 3. Suppose -a - c = -4*a + 25, 4*a - 30 = -2*c. What is u(a)?
2
Let f = 15 + -11. Suppose 3*v + f*m + 48 = -m, 2*v + 31 = -3*m. Let g(y) = y**3 + 10*y**2 - 10*y + 8. What is g(v)?
-3
Let j(o) = -2*o - 4. Let f be 4 - ((-3 - 0) + 1). Let q(s) = s**2 - s - 18. Let p(a) = -a**2 + 17. Let t(c) = f*q(c) + 7*p(c). Let b be t(-8). Calculate j(b).
6
Let h(a) = a**2 + a + 6. Let b = -16 + 25. Let s be 3 + (-66)/18 + 6/b. Give h(s).
6
Let g(h) = -h**2 - 8*h + 21. Let b(u) = -u**2 - 8*u + 15. Let z(a) = 5*b(a) - 4*g(a). What is z(-7)?
-2
Let m(h) = -h - 5. Let d be m(-4). Let u(s) be the third derivative of 0*s + 1/30*s**5 + 1/120*s**6 + 0*s**4 + 0*s**3 + 0 - s**2. Give u(d).
1
Let u(z) = z**3 + 3*z**2 + 2*z + 2. Suppose 6*b - 8 = 4*y + 2*b, -2*b + 25 = 5*y. Suppose 0 = -4*g + y*n - 17, -g - 2*n = -0*n - 4. What is u(g)?
2
Let x(q) = 3*q**2 - 2*q - 4. Let b(r) = r**2 - r - 2. Let i(y) = 5*b(y) - 2*x(y). What is i(0)?
-2
Let n(q) be the first derivative of q**2/2 - 4*q - 101. Suppose 0 = 7*s - 5*s - 16. Determine n(s).
4
Let t be (-4)/((-32)/46) - (-1)/4. Let j(v) = -4*v. What is j(t)?
-24
Let v(b) = -1 - b**2 + 16*b**2 - 5*b**2 - 2*b**2. What is v(1)?
7
Let n(h) = -h**3 - 7*h**2 - h - 5. Suppose 2*z + 8 = -0*z, 4*z + 7 = -3*t. Let g be 10 + (t - (1 - -5)). Suppose -d + 0 = g. Calculate n(d).
2
Suppose 0 = -4*q - 0*q + 3*f - 8, -4*q = -5*f. Suppose 0*d = -3*d. Let a(k) = -3*k**2 + 2*k**2 - 5*k - 2 + k + d. Give a(q).
-7
Let h(j) = -j**3 - 2*j + 4 + 3*j - j**2 - 2*j - 3. Let u(x) = 3*x**3 + 2*x**2 + x - 4. Let q(f) = -2*h(f) - u(f). Determine q(2).
-4
Let f(u) be the third derivative of -u**7/2520 - u**6/120 - u**5/120 + 13*u**4/24 - 27*u**2. Let g(k) be the second derivative of f(k). Determine g(-6).
-1
Let w(i) = i**2 - 8*i - 1. Let f(k) = 20*k**3 + k**2 + 4*k + 3. Let y(s) = -7*s**3 - s - 1. Let v(u) = 6*f(u) + 17*y(u). Let x be v(-3). Determine w(x).
-8
Let o(t) = 9*t - 5. Let l(z) = 22*z - 11. Let j(y) = 5*l(y) - 11*o(y). Determine j(3).
33
Let b be ((-1)/(-2))/((-3)/(-36)). Let n(k) = -5*k**2 - 2*k**3 + 39*k - 45*k + k**3 - k**3 + 7 + 3*k**3. What is n(b)?
7
Let l be (-3)/3*(2 - 0). Let f be -1 + (0 - l) - -5. Let c(m) = -m**2 - 5*m + 4. Let o(j) = 6*j**2 + 24*j - 18. Let p(w) = 11*c(w) + 2*o(w). Give p(f).
2
Let n(o) = o**3 - 5*o**2 - 6*o - 7. Let t = 584 + -578. What is n(t)?
-7
Let f(w) = w - 7*w - 96 - w**2 - w + 91. Determine f(-4).
7
Let j(i) = -2*i - 12. Let y be j(-7). Suppose -16 = -q + 4*q - y*u, -q + 18 = 4*u. Let t(h) = -3*h**2 - 3*h. Determine t(q).
-6
Suppose 6*f - 25 = 95. Suppose 5*x + 5*d + f = 0, -4*x = -6*x - 3*d - 7. Let o(z) = -z - 11. Calculate o(x).
-6
Let r(a) = 8*a - 35. Suppose -6*n = -5*n - 4*u + 2, -5*n + 4*u + 22 = 0. What is r(n)?
13
Let t(w) be the second derivative of -19*w**5/20 + w**4/12 - w**3/3 + w**2/2 + 8*w + 5. Calculate t(1).
-19
Suppose -5*a + 3*a = 0. Suppose 6*n + 16 + 8 = a. Let j(w) = -2*w - 4. Give j(n).
4
Let b(q) be the third derivative of q**4/12 + q**3/3 + 2*q**2. Let a(g) = -4*g + 19. Let i be a(9). Let j = 12 + i. What is b(j)?
-8
Let t(j) = j**3 - 7*j**2 - 10*j + 10. Let d be t(8). Let y be (-219)/(-45) - d/45. Let n(a) = 0*a**2 - 5 + 5*a - a**3 + 4*a**2 + a. Give n(y).
0
Let r(c) = -17*c**2 + 2*c + 1. Let m = 92 + -130. Let k = -39 - m. Calculate r(k).
-18
Let n = 31 + -35. Let k be 1 - ((-12)/n - 3). Let r(t) = -3*t + 1. What is r(k)?
-2
Let t(q) = q + 4*q - 250 - q - 3*q + 251. Suppose 3*a - 5 - 13 = 0. Determine t(a).
7
Let l(s) = 14*s. Let u be ((-21)/70 + (-1)/5)*-2. Calculate l(u).
14
Let j be ((260/24)/13)/((-2)/(-12)). Suppose -24 = -y - j*y. Let i(p) = -2*p**2 + 6*p. Determine i(y).
-8
Let i be (-8)/6*306/(-4). Let n = -97 + i. Let v(q) = -q**2 + 5*q - 6. Determine v(n).
-6
Let n(p) = p**3 + 4*p**2 - 2*p + 8. Let k be n(-5). Let c(s) = 2*s + 2. Determine c(k).
-12
Let x(f) = -4 - f**2 + 5*f + 8*f + 0*f**2 - 5*f. Determine x(3).
11
Let f(b) = b**2 + 5*b - 1. Let y(o) = -o**3 + 6*o**2 + o - 1. Let k be y(6). Suppose -35 = 5*u - 3*j, -k*u = 4*j - 0*j. Calculate f(u).
-5
Let v be (11/(-22))/(1/(-8)). Let h(u) = u**2 + u - 1. Let y(t) = -17*t**2 - 3*t + 4. Let z(i) = v*h(i) + y(i). What is z(1)?
-12
Let h(g) = 103 - 426*g**3 - 3*g**2 - 3*g**2 + 4*g**2 - 104 + 424*g**3. Let j = -2 - 0. Determine h(j).
7
Let a(u) be the third derivative of -u**5/20 - u**4/12 + u**3/3 - u**2. Let z be 9/(-6)*(-100)/30. Suppose c + 6 = -2*y, z*c + 4*y + 24 = 6. Calculate a(c).
-6
Let w(q) = -q**3 + 2*q**2 + 14*q + 5. Let l(k) = -k**3 + k**2 + 15*k + 6. Let s(o) = 5*l(o) - 6*w(o). Let t(p) = p**2 + 31*p - 172. Let a be t(5). Give s(a).
-8
Suppose -5*q - 29 - 2 = -2*v, v + 7 = -2*q. Let z(x) be the first derivative of x**3/3 - 5*x**2/2 - 3*x + 69. Determine z(v).
-9
Let f(l) be the second derivative of -l**4/12 + 17*l**3/6 - l**2 + 160*l + 1. Calculate f(17).
-2
Let d = -1477 + 1492. Let z(h) = 2*h**3 - 30*h**2 - h + 12. What is z(d)?
-3
Let s(v) = 22*v + 327. Let z be s(-15). Let r(h) = h - 3. Calculate r(z).
-6
Suppose 3*m = -0*m + 4*f + 14, 4*f + 8 = 0. Let l be (m - 0)*(-3 + 2). Let s(j) = -j**3 + j**2 - 2*j - 3. Give s(l).
13
Let t(g) = g**3 - 10*g**2 - g - 6. Suppose 6*f + 5361 = 5421. Give t(f).
-16
Let o = -522 - -517. Let p(s) = s**3 + 6*s**2 + 5*s + 6. Calculate p(o).
6
Let j(g) be the second derivative of 0*g**2 + 1/6*g**3 - 3*g + 1/8*g**4 + 1/60*g**5 + 0. Let a(s) be the second derivative of j(s). Determine a(-2).
-1
Let x = 155 + -159. Let m(j) = 2*j**2 + 5*j - 3. Give m(x).
9
Let p(x) = -x**2 - 6*x - 2. Let u be (-61)/(-244) + (-34)/8. What is p(u)?
6
Let h(g) = -28*g**2 - 1. Let z(s) = -3*s - 56. Let n be z(-19). Determine h(n).
-29
Suppose -8 - 7 = -3*k. Let t = -19 + 24. Suppose -5*c + 5 = -k*u, 4*u + 3 = 3*c - t. Let z(x) = x**3 + 3*x**2 - 4*x - 3. What is z(c)?
-3
Let f(r) be the second derivative of 3*r**3/2 - 3*r**2 - 60*r. Determine f(-6).
-60
Let k(a) be the first derivative of -a**4/4 - a**2 + 13*a + 15. Calculate k(0).
13
Let i be 1 - (3 - 2/(-2)). Let r(n) be the second derivative of n**3/3 + 3*n**2/2 - n + 15. Calculate r(i).
-3
Let y(c) = c**3 - 12*c**2 + 14*c + 2. Suppose -99 = -44*b + 341. Give y(b).
-58
Let f(l) = l**3 + l**2 - l. Let a be 0*(-4)/(-12) + 2. Suppose -a + 8 = 2*p. Suppose -p*s - 6 = -3*b - 0, 5*s + 5*b - 10 = 0. What is f(s)?
0
Let g(l) = -l**2 - 5. Suppose -2*o + 4*r - 89 - 17 = 0, -o + 4*r = 61. Let q be (2/(-5))/(3/o). Suppose -8*b = -q*b. What is g(b)?
-5
Let n(b) = 27*b**3 + b**2. Let x be n(-1). Let t = -23 - x. Suppose 32 = t*o - 7*o. Let c(s) = s + 9. Give c(o).
1
Let f(w) be the first derivative of -3*w + 1/3*w**3 - 7/2*w**2 - 11. Let t = 25 - 18. Calculate f(t).
-3
Suppose 10*b = 7*b - 3, -4*w = -3*b - 39. Let v(q) = -q**2 + 2*q + 10. Calculate v(w).
-53
Let m be 52/10 - (-2)/(-10). Let q(d) = -d - 15. Let f(w) = -4. Suppose 0*y + 4*g = 2*y - 8, 3*y - 2 = -4*g. Let t(h) = y*q(h) - 9*f(h). Calculate t(m).
-4
Let p(h) = -8*h + 1. Let t(i) = 8*i - 1. Let a(l) = -2*p(l) - 3*t(l). Let s(f) = -7*f + 2. Let q(b) = 5*a(b) - 6*s(b). What is q(6)?
5
Let n(f) be the third derivative of f**5/15 - f**4/6 + f**3/3 - f**2. Let z = -839 - -841. Give n(z).
10
Let s(f) = -f**3 - 5*f**2 + 2*f + 4. Let v(k) = k**